 -10122021 - -13?
-10122003
In base 16, what is d0ac + 4?
d0b0
In base 9, what is 513732 + -1?
513731
In base 8, what is -2 + 111655?
111653
In base 11, what is 12493 + 5?
12498
In base 2, what is 111010 - -1110111?
10110001
In base 10, what is 320 - -39?
359
In base 3, what is 102102112202 + -2?
102102112200
In base 8, what is -67303 + -2?
-67305
In base 3, what is 1112122 - 111101?
1001021
In base 2, what is -1000111000101 + 10110?
-1000110101111
In base 9, what is -202 - 301?
-503
In base 6, what is 5 - -30012?
30021
In base 15, what is -3 - -1aea9?
1aea6
In base 7, what is -566 + 1432?
533
In base 16, what is 4 + -16940f?
-16940b
In base 12, what is 3b7 + -9?
3aa
In base 7, what is 10202250 + 0?
10202250
In base 7, what is -22 - -20230?
20205
In base 12, what is 3727 - -1?
3728
In base 7, what is -4 - -1626164?
1626160
In base 9, what is 468 - 82?
376
In base 6, what is -120 - -103234?
103114
In base 11, what is -147145 - 1?
-147146
In base 13, what is 99c + -c7c?
-2b0
In base 3, what is 2210 - -2020101?
2100011
In base 11, what is -13 - 3a15a?
-3a172
In base 7, what is 10061 + 206?
10300
In base 8, what is -1141467 + -1?
-1141470
In base 3, what is -1001211222220 - -11?
-1001211222202
In base 7, what is 3 + 4134543?
4134546
In base 9, what is -111627 + 2?
-111625
In base 6, what is 12 + 141?
153
In base 3, what is 101121100 + 1220?
101200020
In base 2, what is -101 - -10110011001010?
10110011000101
In base 12, what is 733a1 + -2?
7339b
In base 15, what is -1 - -2ad9?
2ad8
In base 2, what is 101 - 10010000110001110?
-10010000110001001
In base 15, what is 2ed31 + -23?
2ed0d
In base 11, what is 3132 + 7?
3139
In base 7, what is 63 - 11561?
-11465
In base 3, what is 20110221 - 101?
20110120
In base 11, what is -1574 - -164?
-1410
In base 4, what is -2 + 2312000?
2311332
In base 4, what is 0 + -3100313?
-3100313
In base 7, what is 600 - 41612?
-41012
In base 9, what is 37032 - 5?
37026
In base 14, what is 2 - -a58?
a5a
In base 3, what is -2102 - 2101?
-11210
In base 6, what is 1 + 351532?
351533
In base 14, what is -13c90 + -2?
-13c92
In base 4, what is 131113023 - -20?
131113103
In base 16, what is -3 - 2533c?
-2533f
In base 3, what is 100210111 + 102?
100210220
In base 10, what is 8 + 3149?
3157
In base 15, what is 3c + 324?
361
In base 3, what is 22020 + -101022020?
-101000000
In base 6, what is -5 - 21422?
-21431
In base 9, what is -550 + -667?
-1327
In base 13, what is -3b5 + 2c8?
-ba
In base 12, what is 111 - 548?
-437
In base 5, what is 1033 - 221211?
-220123
In base 8, what is -2 - 763265?
-763267
In base 8, what is 22627 - 7?
22620
In base 2, what is -10010100 + 1010111011110000?
1010111001011100
In base 14, what is 1 - -8c583?
8c584
In base 14, what is -12165 + 0?
-12165
In base 10, what is -13545866 + 5?
-13545861
In base 5, what is -3011 - 2412?
-10423
In base 5, what is -24212 - 433?
-30200
In base 2, what is 1100011010001 - 1111?
1100011000010
In base 14, what is 1 + 4a08b?
4a08c
In base 7, what is -120124013 - -5?
-120124005
In base 5, what is -102 + 44242?
44140
In base 5, what is -4 - -4443313?
4443304
In base 10, what is 4 - 9?
-5
In base 10, what is 635 + -4?
631
In base 7, what is -550 - 104?
-654
In base 2, what is -1001001 - 1011010?
-10100011
In base 10, what is 608 + 1357?
1965
In base 6, what is -1415 + 30?
-1345
In base 14, what is ac - 4c42?
-4b74
In base 12, what is -21618 + -4?
-21620
In base 6, what is 203 - 3105?
-2502
In base 5, what is -14 + -10314222?
-10314241
In base 4, what is 3 + 11002133?
11002202
In base 2, what is -101000 + -10101?
-111101
In base 14, what is -b46 - 14?
-b5a
In base 6, what is -23 - -24322?
24255
In base 7, what is -611431 + -22?
-611453
In base 11, what is 1278a + -a?
12780
In base 11, what is 60 + 202?
262
In base 5, what is 1034 - 2414?
-1330
In base 7, what is -1345 - 14414?
-16062
In base 4, what is -3 + 1000302133?
1000302130
In base 8, what is 27 - 606704?
-606655
In base 11, what is -50737 + -5?
-50741
In base 11, what is -165 + -78?
-232
In base 2, what is -11101011010110 - 110?
-11101011011100
In base 7, what is 1132366 + 2?
1132401
In base 16, what is -5 - -525d?
5258
In base 13, what is 390 + 12?
3a2
In base 6, what is -21 - 1411125?
-1411150
In base 6, what is -11 + -1313454?
-1313505
In base 2, what is -101 - 1000000100001000?
-1000000100001101
In base 13, what is -163b6 + 27?
-1638c
In base 11, what is -2a + -846?
-875
In base 3, what is -111121202012 - 12?
-111121202101
In base 4, what is -103110100 - 1?
-103110101
In base 12, what is -3 - 64a9ba?
-64aa01
In base 10, what is 95 - 498?
-403
In base 6, what is -5315235 - -4?
-5315231
In base 8, what is 6 + -2542?
-2534
In base 11, what is 0 + 1599a3?
1599a3
In base 8, what is 100 - -322?
422
In base 15, what is -2a - -6387?
635c
In base 12, what is -785ab + 3?
-785a8
In base 13, what is -33 - 929?
-95c
In base 5, what is -244424213 - 10?
-244424223
In base 6, what is 54320 + -1?
54315
In base 8, what is 200 + -321?
-121
In base 15, what is 2 - 38c11?
-38c0e
In base 12, what is 8a6 + -13?
893
In base 6, what is -1 - -20503?
20502
In base 11, what is -4a + -536?
-585
In base 4, what is -20233 - 101113?
-122012
In base 5, what is 432 - -244?
1231
In base 10, what is -375 - 473?
-848
In base 16, what is -1f0 - 3f?
-22f
In base 3, what is 120020120 - 101?
120020012
In base 2, what is 111000010 - -11110000111?
100101001001
In base 16, what is -1ae1 + 5?
-1adc
In base 5, what is 204400 - -22?
204422
In base 4, what is -1 - -13230131?
13230130
In base 7, what is 4 + 4400?
4404
In base 6, what is -44 - -4423532?
4423444
In base 6, what is -250143 - 5?
-250152
In base 7, what is 3565 + 1601?
5466
In base 3, what is -222122 - -102000?
-120122
In base 2, what is -1111100 - 1110010110?
-10000010010
In base 11, what is 29314 - 3?
29311
In base 4, what is -10003322 - 3?
-10003331
In base 2, what is -111011111011 - -101111?
-111011001100
In base 14, what is -55c65 - 2?
-55c67
In base 7, what is -152 + -45?
-230
In base 10, what is -1105711 + -2?
-1105713
In base 14, what is 93 + 11c?
1b1
In base 10, what is -4 + -524?
-528
In base 9, what is 3273 - -8?
3282
In base 7, what is -5102216 - 1?
-5102220
In base 13, what is 16 + -c0936?
-c0920
In base 10, what is 3 - 17016?
-17013
In base 14, what is -45 + -898?
-8dd
In base 6, what is 1413 - 20?
1353
In base 11, what is -a90 - 31?
-1011
In base 4, what is 3 - 31110031?
-31110022
In base 7, what is 31 - 50036?
-50005
In base 10, what is 16 + 7216?
7232
In base 6, what is -5243421 + -31?
-5243452
In base 11, what is 18a - -51a?
6a9
In base 9, what is -21135 + 135?
-21000
In base 8, what is 354 + -2122?
-1546
In base 9, what is 4 - 105062?
-105057
In base 9, what is -16874 - 6?
-16881
In base 12, what is 5 - -424?
429
In base 9, what is 0 + -8747?
-8747
In base 3, what is 12 - -1221221220012?
1221221220101
In base 8, what is -20 + 77540?
77520
In base 12, what is -15ab57 + -1?
-15ab58
In base 3, what is -1022010 - 2122221?
-10222001
In base 13, what is -1 - -2c5b?
2c5a
In base 5, what is -13 - 113334?
-113402
In base 16, what is -4 - 426a?
-426e
In base 13, what is 10a3 + -9?
1097
In base 5, what is -3044344 - 4?
-3044403
In base 13, what is 54a01 + 0?
54a01
In base 2, what is 1 + 10000000110110001001?
10000000110110001010
In base 8, what is -7147772 - 2?
-7147774
In base 9, what is -2 - -71418?
71416
In base 14, what is -2755 + da?
-2659
In base 11, what is -2966585 - 1?
-2966586
In base 10, what is 20 + -55251?
-55231
In base 2, what is -11110010111 - 0?
-11110010111
In base 4, what is -2122 + -21112?
-23300
In base 6, what is 4134 - 312?
3422
In base 9, what is -5 + 237738?
237733
In base 12, what is -390321 + 1?
-390320
In base 10, what is -2 + 19543?
19541
In base 10, what is -2 - -17112?
17110
In base 3, what is -2201100122210 + 1?
-2201100122202
In base 11, what is 7991 - 2?
798a
In base 2, what is 101 - -11010101010011?
11010101011000
In base 7, what is 46 + 12261?
12340
In base 9, what is -3036 + 274?
-2652
In base 15, what is -4 + -5029?
-502d
In base 5, what is 141 + 2211222?
2211413
In base 6, what is -11531004 - 10?
-11531014
In base 15, what is 56 - 640?
-5d9
In base 15, what is 15c1c - -1?
15c1d
In base 2, what is 1001000111110000 - -101?
1001000111110101
In base 3, what is 21